{"id":3313,"date":"2023-01-17T21:26:56","date_gmt":"2023-01-18T02:26:56","guid":{"rendered":"https:\/\/www.graceofcolor.com\/?post_type=product&#038;p=3313"},"modified":"2024-01-13T11:56:47","modified_gmt":"2024-01-13T16:56:47","slug":"instant-firmx-temporary-face-tightener-peter-thomas-roth","status":"publish","type":"product","link":"https:\/\/www.graceofcolor.com\/?product=instant-firmx-temporary-face-tightener-peter-thomas-roth","title":{"rendered":"Instant FIRMx Temporary Face Tightener. Peter Thomas Roth."},"content":{"rendered":"","protected":false},"excerpt":{"rendered":"<p>\u00a1Este tratamiento facial de soluci\u00f3n r\u00e1pida proporciona resultados temporales instant\u00e1neos con beneficios antienvejecimiento a largo plazo! La f\u00f3rmula \u00fanica ayuda instant\u00e1neamente a apretar, reafirmar y suavizar el aspecto de los puntos problem\u00e1ticos que revelan la edad, minimizando temporalmente la aparici\u00f3n de l\u00edneas finas, arrugas profundas y poros.<\/p>\n<p>Tama\u00f1o 1oo ml<\/p>\n","protected":false},"featured_media":3346,"template":"","meta":{"site-sidebar-layout":"default","site-content-layout":"default","ast-site-content-layout":"default","site-content-style":"default","site-sidebar-style":"default","ast-global-header-display":"","ast-banner-title-visibility":"","ast-main-header-display":"","ast-hfb-above-header-display":"","ast-hfb-below-header-display":"","ast-hfb-mobile-header-display":"","site-post-title":"","ast-breadcrumbs-content":"","ast-featured-img":"","footer-sml-layout":"","ast-disable-related-posts":"","theme-transparent-header-meta":"default","adv-header-id-meta":"","stick-header-meta":"","header-above-stick-meta":"","header-main-stick-meta":"","header-below-stick-meta":"","astra-migrate-meta-layouts":"set","ast-page-background-enabled":"default","ast-page-background-meta":{"desktop":{"background-color":"","background-image":"","background-repeat":"repeat","background-position":"center center","background-size":"auto","background-attachment":"scroll","background-type":"","background-media":"","overlay-type":"","overlay-color":"","overlay-opacity":"","overlay-gradient":""},"tablet":{"background-color":"","background-image":"","background-repeat":"repeat","background-position":"center center","background-size":"auto","background-attachment":"scroll","background-type":"","background-media":"","overlay-type":"","overlay-color":"","overlay-opacity":"","overlay-gradient":""},"mobile":{"background-color":"","background-image":"","background-repeat":"repeat","background-position":"center center","background-size":"auto","background-attachment":"scroll","background-type":"","background-media":"","overlay-type":"","overlay-color":"","overlay-opacity":"","overlay-gradient":""}},"ast-content-background-meta":{"desktop":{"background-color":"var(--ast-global-color-5)","background-image":"","background-repeat":"repeat","background-position":"center center","background-size":"auto","background-attachment":"scroll","background-type":"","background-media":"","overlay-type":"","overlay-color":"","overlay-opacity":"","overlay-gradient":""},"tablet":{"background-color":"var(--ast-global-color-5)","background-image":"","background-repeat":"repeat","background-position":"center center","background-size":"auto","background-attachment":"scroll","background-type":"","background-media":"","overlay-type":"","overlay-color":"","overlay-opacity":"","overlay-gradient":""},"mobile":{"background-color":"var(--ast-global-color-5)","background-image":"","background-repeat":"repeat","background-position":"center center","background-size":"auto","background-attachment":"scroll","background-type":"","background-media":"","overlay-type":"","overlay-color":"","overlay-opacity":"","overlay-gradient":""}}},"pwb-brand":[436],"product_brand":[],"product_cat":[59,66,62],"product_tag":[142,115,435,139],"class_list":{"0":"post-3313","1":"product","2":"type-product","3":"status-publish","4":"has-post-thumbnail","6":"pwb-brand-peter-thomas-roth","7":"product_cat-cuidado-de-la-piel","8":"product_cat-rostro-cuidado-de-la-piel","9":"product_cat-sale","10":"product_tag-cuidadofacial","11":"product_tag-graceofcolor","12":"product_tag-peterthomasrothcolombia","13":"product_tag-skincare","14":"desktop-align-left","15":"tablet-align-left","16":"mobile-align-left","18":"first","19":"instock","20":"sale","21":"shipping-taxable","22":"purchasable","23":"product-type-simple"},"brands":[{"id":436,"name":"Peter Thomas Roth","slug":"peter-thomas-roth"}],"_links":{"self":[{"href":"https:\/\/www.graceofcolor.com\/index.php?rest_route=\/wp\/v2\/product\/3313","targetHints":{"allow":["GET"]}}],"collection":[{"href":"https:\/\/www.graceofcolor.com\/index.php?rest_route=\/wp\/v2\/product"}],"about":[{"href":"https:\/\/www.graceofcolor.com\/index.php?rest_route=\/wp\/v2\/types\/product"}],"wp:featuredmedia":[{"embeddable":true,"href":"https:\/\/www.graceofcolor.com\/index.php?rest_route=\/wp\/v2\/media\/3346"}],"wp:attachment":[{"href":"https:\/\/www.graceofcolor.com\/index.php?rest_route=%2Fwp%2Fv2%2Fmedia&parent=3313"}],"wp:term":[{"taxonomy":"pwb-brand","embeddable":true,"href":"https:\/\/www.graceofcolor.com\/index.php?rest_route=%2Fwp%2Fv2%2Fpwb-brand&post=3313"},{"taxonomy":"product_brand","embeddable":true,"href":"https:\/\/www.graceofcolor.com\/index.php?rest_route=%2Fwp%2Fv2%2Fproduct_brand&post=3313"},{"taxonomy":"product_cat","embeddable":true,"href":"https:\/\/www.graceofcolor.com\/index.php?rest_route=%2Fwp%2Fv2%2Fproduct_cat&post=3313"},{"taxonomy":"product_tag","embeddable":true,"href":"https:\/\/www.graceofcolor.com\/index.php?rest_route=%2Fwp%2Fv2%2Fproduct_tag&post=3313"}],"curies":[{"name":"wp","href":"https:\/\/api.w.org\/{rel}","templated":true}]}}

<p>¡Este tratamiento facial de solución rápida proporciona resultados temporales instantáneos con beneficios antienvejecimiento a largo plazo! La fórmula única ayuda instantáneamente a apretar, reafirmar y suavizar el aspecto de los puntos problemáticos que revelan la edad, minimizando temporalmente la aparición de líneas finas, arrugas profundas y poros.</p>
<p>Tamaño 1oo ml</p>
