{"id":3388,"date":"2023-01-18T17:47:18","date_gmt":"2023-01-18T22:47:18","guid":{"rendered":"https:\/\/www.graceofcolor.com\/?post_type=product&#038;p=3388"},"modified":"2024-01-13T11:36:25","modified_gmt":"2024-01-13T16:36:25","slug":"a-window-to-shine-morrocanoil","status":"publish","type":"product","link":"https:\/\/www.graceofcolor.com\/?product=a-window-to-shine-morrocanoil","title":{"rendered":"A window to shine. Morrocanoil"},"content":{"rendered":"","protected":false},"excerpt":{"rendered":"<p>Set para el cuidado capilar que contiene<\/p>\n<p>Hydrating Styling Cream 300 ml: Moroccanoil\u00ae Hydrating Styling Cream acondiciona, hidrata y domestica el cabello encrespado. Esta crema de peinado sin enjuague y rica en humedad crea una sensaci\u00f3n suave y natural. Perfecta para secar por soplado, suavizar flyaways y estilos refrescantes al d\u00eda siguiente, esta nutritiva crema para peinar el cabello con aceite de arg\u00e1n agrega brillo y definici\u00f3n con una sujeci\u00f3n suave.<\/p>\n<p>Moroccanoil Treatment Original 50 ml: Consigue el cabello sedoso, brillante y saludable que siempre has querido. Moroccanoil Treatment es el producto pionero en el cuidado del cabello con infusi\u00f3n de aceite y cre\u00f3 el zumbido mundial sobre el aceite de arg\u00e1n. Se puede utilizar como herramienta de acondicionamiento, peinado y acabado. Infundido con aceite de arg\u00e1n rico en antioxidantes y vitaminas que aumentan el brillo, este tratamiento capilar completamente transformador desenreda, acelera el tiempo de secado y aumenta el brillo, dej\u00e1ndote con un cabello nutrido, manejable y suave con cada uso.<\/p>\n","protected":false},"featured_media":3413,"template":"","meta":{"site-sidebar-layout":"default","site-content-layout":"default","ast-site-content-layout":"default","site-content-style":"default","site-sidebar-style":"default","ast-global-header-display":"","ast-banner-title-visibility":"","ast-main-header-display":"","ast-hfb-above-header-display":"","ast-hfb-below-header-display":"","ast-hfb-mobile-header-display":"","site-post-title":"","ast-breadcrumbs-content":"","ast-featured-img":"","footer-sml-layout":"","ast-disable-related-posts":"","theme-transparent-header-meta":"default","adv-header-id-meta":"","stick-header-meta":"","header-above-stick-meta":"","header-main-stick-meta":"","header-below-stick-meta":"","astra-migrate-meta-layouts":"set","ast-page-background-enabled":"default","ast-page-background-meta":{"desktop":{"background-color":"","background-image":"","background-repeat":"repeat","background-position":"center center","background-size":"auto","background-attachment":"scroll","background-type":"","background-media":"","overlay-type":"","overlay-color":"","overlay-opacity":"","overlay-gradient":""},"tablet":{"background-color":"","background-image":"","background-repeat":"repeat","background-position":"center center","background-size":"auto","background-attachment":"scroll","background-type":"","background-media":"","overlay-type":"","overlay-color":"","overlay-opacity":"","overlay-gradient":""},"mobile":{"background-color":"","background-image":"","background-repeat":"repeat","background-position":"center center","background-size":"auto","background-attachment":"scroll","background-type":"","background-media":"","overlay-type":"","overlay-color":"","overlay-opacity":"","overlay-gradient":""}},"ast-content-background-meta":{"desktop":{"background-color":"var(--ast-global-color-5)","background-image":"","background-repeat":"repeat","background-position":"center center","background-size":"auto","background-attachment":"scroll","background-type":"","background-media":"","overlay-type":"","overlay-color":"","overlay-opacity":"","overlay-gradient":""},"tablet":{"background-color":"var(--ast-global-color-5)","background-image":"","background-repeat":"repeat","background-position":"center center","background-size":"auto","background-attachment":"scroll","background-type":"","background-media":"","overlay-type":"","overlay-color":"","overlay-opacity":"","overlay-gradient":""},"mobile":{"background-color":"var(--ast-global-color-5)","background-image":"","background-repeat":"repeat","background-position":"center center","background-size":"auto","background-attachment":"scroll","background-type":"","background-media":"","overlay-type":"","overlay-color":"","overlay-opacity":"","overlay-gradient":""}}},"pwb-brand":[328],"product_brand":[],"product_cat":[60,62,357],"product_tag":[439,73,440,115,119],"class_list":{"0":"post-3388","1":"product","2":"type-product","3":"status-publish","4":"has-post-thumbnail","6":"pwb-brand-moroccanoil","7":"product_cat-cuidado-del-cabello","8":"product_cat-sale","9":"product_cat-sets","10":"product_tag-cabellobrillante","11":"product_tag-cabellosaludable","12":"product_tag-cabellosano","13":"product_tag-graceofcolor","14":"product_tag-morrocanoilcolombia","15":"desktop-align-left","16":"tablet-align-left","17":"mobile-align-left","19":"first","20":"instock","21":"sale","22":"shipping-taxable","23":"purchasable","24":"product-type-simple"},"brands":[{"id":328,"name":"Moroccanoil","slug":"moroccanoil"}],"_links":{"self":[{"href":"https:\/\/www.graceofcolor.com\/index.php?rest_route=\/wp\/v2\/product\/3388","targetHints":{"allow":["GET"]}}],"collection":[{"href":"https:\/\/www.graceofcolor.com\/index.php?rest_route=\/wp\/v2\/product"}],"about":[{"href":"https:\/\/www.graceofcolor.com\/index.php?rest_route=\/wp\/v2\/types\/product"}],"wp:featuredmedia":[{"embeddable":true,"href":"https:\/\/www.graceofcolor.com\/index.php?rest_route=\/wp\/v2\/media\/3413"}],"wp:attachment":[{"href":"https:\/\/www.graceofcolor.com\/index.php?rest_route=%2Fwp%2Fv2%2Fmedia&parent=3388"}],"wp:term":[{"taxonomy":"pwb-brand","embeddable":true,"href":"https:\/\/www.graceofcolor.com\/index.php?rest_route=%2Fwp%2Fv2%2Fpwb-brand&post=3388"},{"taxonomy":"product_brand","embeddable":true,"href":"https:\/\/www.graceofcolor.com\/index.php?rest_route=%2Fwp%2Fv2%2Fproduct_brand&post=3388"},{"taxonomy":"product_cat","embeddable":true,"href":"https:\/\/www.graceofcolor.com\/index.php?rest_route=%2Fwp%2Fv2%2Fproduct_cat&post=3388"},{"taxonomy":"product_tag","embeddable":true,"href":"https:\/\/www.graceofcolor.com\/index.php?rest_route=%2Fwp%2Fv2%2Fproduct_tag&post=3388"}],"curies":[{"name":"wp","href":"https:\/\/api.w.org\/{rel}","templated":true}]}}